t g be z(-4). Let f be (4 + g)/((-1)/(-11)). What is the highest common divisor of h and f?
22
Let n(m) = 8*m**3 + 1. Let q be n(1). Let p = 11648 + -11591. What is the highest common divisor of p and q?
3
Let q(c) = 86*c + 801. Let y be q(-8). Calculate the highest common divisor of y and 5989.
113
Let i = 36360 + -30552. Calculate the greatest common divisor of 33 and i.
33
Let l = -31229 + 48744. Calculate the highest common divisor of l and 310.
155
Let p be (1 - -527) + (-77)/((-1078)/(-84)). Calculate the highest common divisor of p and 54.
18
Let c(o) = 776*o - 241070. Let n be c(311). Let b be 4/(-10) + 1524/10. Calculate the highest common divisor of b and n.
38
Let d(o) = 2*o - 1. Let y be d(2). Suppose -10 = 4*i - 6*a + 4*a, -25 = y*i + 2*a. Let f = 15 + i. Calculate the greatest common divisor of f and 40.
10
Let u = 44 - 43. Let o be 117/4 - (-1)/(-4). Suppose 3*j - 2*f + 3 = 10, 5*j - o = -f. What is the greatest common factor of u and j?
1
Let a be 1/(-12) + (-10407806)/(-1032). What is the highest common divisor of a and 10?
5
Suppose 74 = -0*p + 2*p. Let r = -10575 + 10871. What is the highest common factor of r and p?
37
Let l be (-120)/(-100)*20/12 - (-1 + -209). What is the highest common divisor of 5618 and l?
106
Suppose 2437 = -130*p + 12837. What is the greatest common divisor of p and 2480?
80
Let z be (-148 - -11)*(-2 + 1). Let a = 9282 + -9281. What is the highest common divisor of z and a?
1
Let d = -135 - -138. Suppose 4*f = -d*b + 10, 2*b + 16 = 3*f + 51. What is the greatest common divisor of 2 and b?
2
Suppose -4*v - 4*j + 68 = 0, -19*v + 75 = -16*v - 5*j. What is the greatest common divisor of 11320 and v?
20
Let n = -23 - -27. Let y(a) = a**2 + 3*a - 9. Let b be y(-5). Let i(w) = 5*w**3 - 2*w**2 + 1. Let k be i(b). What is the greatest common divisor of n and k?
4
Let l be (-11)/(-9) + -1 + (-364)/18. Let d = l + 24. Let a be ((-26)/d)/(-4*2/176). What is the greatest common divisor of a and 13?
13
Let f = 806 - 326. Let b = 498 - f. What is the greatest common factor of 72 and b?
18
Suppose -4 = -344*a + 343*a. Suppose -5*s + 425 = 3*v, -2*s - 2*v = -a*s + 170. What is the highest common divisor of 5 and s?
5
Suppose -5*s - 1076 - 43 = -j, 4*j - 4*s = 4524. Calculate the greatest common factor of j and 72.
18
Suppose 964*c = 979*c - 780. Suppose -9 = 5*h - 69. Let k be 3/h + (-622)/(-8). What is the greatest common divisor of c and k?
26
Suppose 0 = -61*c + 4*c - 11*c + 45900. What is the greatest common factor of c and 75?
75
Let d be (60/(-18))/(35/(-1428)). What is the highest common divisor of d and 4828?
68
Let k be (4/(-16))/((-3)/(-12)) - -5. Suppose -4*i - 2*g - 853 + 2363 = 0, 0 = -3*i - k*g + 1120. What is the greatest common factor of i and 76?
76
Let t = -24742 + 25534. What is the greatest common factor of t and 720?
72
Let m(f) = 8*f + 1. Let i be m(5). Let v = -307 + 272. Let w = i + v. What is the highest common divisor of 66 and w?
6
Let t = -5168 + 5534. What is the greatest common factor of t and 96?
6
Let z = 15680 - 15617. What is the greatest common factor of 69 and z?
3
Suppose -c = -5*c + 56. Suppose -7*r - 3*s + 25 = -3*r, 5*r = 2*s + 14. Let d be -1 + -3 + r - -21. What is the greatest common factor of c and d?
7
Let x(u) = -9*u + 54. Let s be x(0). Let n = s + 15. Let j(p) = p**3 - 4*p**2 - 9*p + 5. Let l be j(6). What is the greatest common divisor of l and n?
23
Let a(q) be the first derivative of -175*q**2/2 + 121*q + 156. Let i be a(-5). Calculate the highest common divisor of 12 and i.
12
Let j(r) = -r**3 - 8*r**2 + 7*r + 14. Let a be j(-8). Let y = a + 105. Suppose 2*f - y = -5*f. What is the highest common factor of f and 144?
9
Suppose 641*g - 12655 = -1117. Let q(r) = 4*r**2 - 9*r. Let n be q(6). What is the greatest common factor of n and g?
18
Let g(i) = -9*i**3 - i**2 + 17*i + 14. Let c be g(0). Calculate the highest common divisor of 35 and c.
7
Let q(d) = 91*d - 70. Let p(v) = -v**2 - 21*v - 60. Let s be p(-17). Let x be q(s). Calculate the highest common divisor of x and 14.
14
Let f be 4945/3 + 156/(-468). Calculate the highest common divisor of f and 64.
16
Suppose -3*l + 24 = 3*z - 129, -l + 2 = 0. Suppose -3*i + 4*g + 106 = -i, 5*i - 5*g - 255 = 0. Calculate the highest common divisor of z and i.
49
Let r be (196/(-126))/(23/(-414)). Calculate the greatest common factor of 224 and r.
28
Let a(g) = 7*g + 2. Let j be a(4). Let z = -21 + j. Let m be ((-6)/z)/(2/(-30)). Calculate the greatest common factor of m and 70.
10
Let g be (-258)/(-5)*-25*8/60. Let u = -102 - g. What is the greatest common factor of u and 15?
5
Let q = 1 + -6. Let o(p) = -32*p + 16. Let w be o(q). Suppose -9*k + 111 = -87. What is the highest common divisor of w and k?
22
Suppose -70*y + 66*y = -34352. What is the greatest common factor of y and 19?
19
Suppose -16*u + 5482 + 4310 = 0. Calculate the highest common divisor of u and 340.
68
Let o be (-1 - 11/(-1)) + 2. Suppose 5*m = 16*m + 24*m - 11760. Calculate the greatest common factor of o and m.
12
Let c = -11023 - -11026. Suppose 0*a + 4*y = -a + 192, 2*a + 5*y - 393 = 0. Suppose c*u + u = a. What is the highest common divisor of u and 17?
17
Let s(c) = -6*c**3 + 7*c**2 - 11*c - 44. Let a be s(-2). What is the highest common factor of 32418 and a?
18
Suppose r = 2*q + 103, 128*q = 132*q - 32. Calculate the highest common divisor of r and 51289.
119
Let q(g) = 10*g**2 + 41*g + 8. Let i be q(-4). Suppose -5*k + 378 + 2813 = -4*t, -5*t = -i*k + 2551. Calculate the highest common factor of 9 and k.
9
Suppose 0*l + 4*h - 448 = -4*l, 0 = 4*h - 4. Let v(z) = z**2 - 4*z - 3. Let x be v(5). Let b be (8/4)/x - -73. Calculate the highest common divisor of b and l.
37
Suppose -4*w = -7*j + 9*j - 21380, 21379 = 2*j + 5*w. What is the highest common factor of j and 528?
132
Let m(x) = 5*x + 65. Let c be (43/5 - 0) + (-40)/(-100). Let g be m(c). Calculate the highest common divisor of g and 22.
22
Suppose k - 1581 - 32074 = -l, -4*k - 5*l = -134618. Calculate the greatest common divisor of k and 39.
39
Suppose 0*v - v = -5*c - 8, -16 = -2*v - 2*c. Suppose 204 = v*i - 276. What is the greatest common divisor of i and 15?
15
Let g be 0/(-2) + (-21)/(-1). Let q = g - 12. Suppose -33729*i = -33800*i + 6390. What is the greatest common divisor of q and i?
9
Let o = -633 + 763. Let a = 134 - o. What is the greatest common divisor of 652 and a?
4
Let j(g) = -2*g**3 + 13*g**2 - 5*g - 4. Let w be j(6). Suppose w*z - 1068 = 5*y, 2*z + 14*y - 1072 = 17*y. What is the greatest common factor of z and 11?
11
Let n(f) = f**2 - 3*f - 13. Let o be n(6). Suppose 2*g - 136 = -s, o*g - 3*g = 3*s - 424. Calculate the greatest common factor of s and 20.
20
Let d(l) = 10*l + 1. Let z be d(4). Let n be (-1)/(-2) - 71/((-10650)/6075). Calculate the highest common factor of z and n.
41
Let c(h) = -12*h. Let t = -8 - -5. Let n be c(t). Suppose -5*q = -8*l + 12, 0 = 51*q - 55*q + l + 12. What is the greatest common factor of q and n?
4
Suppose 388425 = -9*f + 112*f - 519417. Calculate the greatest common divisor of f and 1582.
226
Suppose -251 = 23*m - 22*m. Let p = m + 413. Suppose -k = -3*q - 4*k + 45, 6 = -2*k. Calculate the highest common divisor of q and p.
18
Let g = -79 - -81. Let b(o) = -2*o**3 + o**2 + 3*o + 1. Let q be b(g). Let h be 2*82 + 5 + q. What is the greatest common divisor of h and 41?
41
Suppose 894 = 2*d - 4*m - 0*m, 1341 = 3*d + 3*m. Suppose 0 = 13*t - 411 - d. Calculate the highest common factor of 165 and t.
33
Let y = 60 - 31. Suppose -8*o + 330 = -134. Let k be o - (-1 - -1 - 0). Calculate the highest common factor of y and k.
29
Let w be (-8)/2*(-2)/(32/12). Suppose -2*q - 2*z = -7*q - 18, -q - 7 = w*z. Let l be (1 + (-14)/q)/((-18)/(-144)). What is the highest common factor of l and 6?
6
Suppose 13*k + 7*k - 11920 = 0. Let r = -577 + k. What is the highest common factor of r and 950?
19
Let r = 5851 - 4582. Calculate the highest common divisor of 18 and r.
9
Suppose 78 - 271 = -p - 3*j, 197 = p + 5*j. Calculate the greatest common divisor of 612 and p.
17
Let h(d) = -3*d - 65. Let t(q) = -q - 32. Let n(w) = 4*h(w) - 9*t(w). Let s be n(11). Let i be s/4 - 258/(-8). What is the greatest common divisor of i and 248?
31
Let l be 420*(121/462*14 + 16/(-